{"id":393,"date":"2016-07-08T13:51:31","date_gmt":"2016-07-08T11:51:31","guid":{"rendered":"http:\/\/www.delta-t.hu\/?page_id=393"},"modified":"2016-07-08T13:51:31","modified_gmt":"2016-07-08T11:51:31","slug":"cegunkrol","status":"publish","type":"page","link":"https:\/\/www.delta-t.hu\/dtp\/?page_id=393","title":{"rendered":"C\u00e9g\u00fcnkr\u0151l&#8230;"},"content":{"rendered":"<p style=\"text-align: justify;\">C\u00e9g\u00fcnket 1991-ben alak\u00edtottuk. Alapvet\u0151 tev\u00e9kenys\u00e9g\u00fcnk kaz\u00e1nh\u00e1zak \u00fczemeltet\u00e9se, hibaelh\u00e1r\u00edt\u00e1sa, 24 \u00f3r\u00e1s g\u00e9pi t\u00e1vfel\u00fcgyelete, valamint az \u00f6sszes kapcsol\u00f3d\u00f3 technol\u00f3gia menedzsel\u00e9se, a sz\u00fcks\u00e9ges vizsg\u00e1latok v\u00e9gz\u00e9se.<\/p>\n<p style=\"text-align: justify;\">A kaz\u00e1nh\u00e1zi folyamatokban is teret k\u00f6veteltek maguknak a leg\u00fajabb technol\u00f3gi\u00e1k\u00a0 a folyamatir\u00e1ny\u00edt\u00e1s, a v\u00edzkezel\u00e9s,\u00a0 szivatty\u00fatechnika, kaz\u00e1ntechnol\u00f3gia ter\u00fclet\u00e9n. Ismeret\u00fck n\u00e9lk\u00fcl elk\u00e9pzelhetetlen a rendszer energia takar\u00e9kos \u00e9s megb\u00edzhat\u00f3 \u00fczeme. Az \u00fczemeltet\u00e9s a sz\u00e9nlap\u00e1tol\u00e1sb\u00f3l m\u00e9rn\u00f6ki munk\u00e1v\u00e1 emelkedett. A dr\u00e1gul\u00f3 energia \u00e1rak, a c\u00e9lul kit\u0171z\u00f6tt mind kevesebb szennyez\u0151anyag kibocs\u00e1t\u00e1s miatt, k\u00fcl\u00f6nleges hangs\u00falyt kaptak n\u00e1lunk a szab\u00e1lyoz\u00e1stechnik\u00e1hoz, energetikai kontrollhoz kapcsol\u00f3d\u00f3 m\u00e9rn\u00f6ki tev\u00e9kenys\u00e9gek, technik\u00e1k.<\/p>\n","protected":false},"excerpt":{"rendered":"<p>C\u00e9g\u00fcnket 1991-ben alak\u00edtottuk. Alapvet\u0151 tev\u00e9kenys\u00e9g\u00fcnk kaz\u00e1nh\u00e1zak \u00fczemeltet\u00e9se, hibaelh\u00e1r\u00edt\u00e1sa, 24 \u00f3r\u00e1s g\u00e9pi t\u00e1vfel\u00fcgyelete, valamint az \u00f6sszes kapcsol\u00f3d\u00f3 technol\u00f3gia menedzsel\u00e9se, a sz\u00fcks\u00e9ges vizsg\u00e1latok v\u00e9gz\u00e9se. A kaz\u00e1nh\u00e1zi folyamatokban is teret k\u00f6veteltek maguknak a leg\u00fajabb technol\u00f3gi\u00e1k\u00a0 a folyamatir\u00e1ny\u00edt\u00e1s, a v\u00edzkezel\u00e9s,\u00a0 szivatty\u00fatechnika, kaz\u00e1ntechnol\u00f3gia ter\u00fclet\u00e9n. Ismeret\u00fck n\u00e9lk\u00fcl elk\u00e9pzelhetetlen a rendszer energia takar\u00e9kos \u00e9s megb\u00edzhat\u00f3 \u00fczeme. Az \u00fczemeltet\u00e9s a sz\u00e9nlap\u00e1tol\u00e1sb\u00f3l m\u00e9rn\u00f6ki munk\u00e1v\u00e1 &hellip; <a href=\"https:\/\/www.delta-t.hu\/dtp\/?page_id=393\" class=\"more-link\"><span class=\"screen-reader-text\">C\u00e9g\u00fcnkr\u0151l&#8230;<\/span> r\u00e9szletei&#8230;<\/a><\/p>\n","protected":false},"author":1,"featured_media":0,"parent":0,"menu_order":0,"comment_status":"closed","ping_status":"closed","template":"","meta":[],"_links":{"self":[{"href":"https:\/\/www.delta-t.hu\/dtp\/index.php?rest_route=\/wp\/v2\/pages\/393"}],"collection":[{"href":"https:\/\/www.delta-t.hu\/dtp\/index.php?rest_route=\/wp\/v2\/pages"}],"about":[{"href":"https:\/\/www.delta-t.hu\/dtp\/index.php?rest_route=\/wp\/v2\/types\/page"}],"author":[{"embeddable":true,"href":"https:\/\/www.delta-t.hu\/dtp\/index.php?rest_route=\/wp\/v2\/users\/1"}],"replies":[{"embeddable":true,"href":"https:\/\/www.delta-t.hu\/dtp\/index.php?rest_route=%2Fwp%2Fv2%2Fcomments&post=393"}],"version-history":[{"count":0,"href":"https:\/\/www.delta-t.hu\/dtp\/index.php?rest_route=\/wp\/v2\/pages\/393\/revisions"}],"wp:attachment":[{"href":"https:\/\/www.delta-t.hu\/dtp\/index.php?rest_route=%2Fwp%2Fv2%2Fmedia&parent=393"}],"curies":[{"name":"wp","href":"https:\/\/api.w.org\/{rel}","templated":true}]}}