{"id":12,"date":"2009-09-02T19:50:59","date_gmt":"2009-09-02T17:50:59","guid":{"rendered":"http:\/\/www.delta-t.hu\/dtp\/?page_id=12"},"modified":"2019-07-14T10:54:58","modified_gmt":"2019-07-14T08:54:58","slug":"mernoki-szolgaltatasok","status":"publish","type":"page","link":"https:\/\/www.delta-t.hu\/dtp\/?page_id=12","title":{"rendered":"M\u00e9rn\u00f6ki szolg\u00e1ltat\u00e1sok"},"content":{"rendered":"<ul>\n<li><a title=\"\u00c9p\u00fcletenergetikai tan\u00fas\u00edt\u00e1s\" href=\"http:\/\/energetikaitanusitas.hu\">\u00c9p\u00fcletenergetikai min\u0151s\u00e9gtan\u00fas\u00edt\u00e1s<\/a><\/li>\n<li><a href=\"http:\/\/energetikaitanusitas.hu\">Okosh\u00e1z &#8211; \u00e9p\u00fcletautomatiz\u00e1l\u00e1s<\/a><\/li>\n<li><a title=\"H\u0151termel\u0151k fel\u00fclvizsg\u00e1lata\" href=\"http:\/\/energetikaitanusitas.hu\/m\/?page_id=45\">H\u0151termel\u0151k fel\u00fclvizsg\u00e1lata<\/a><\/li>\n<li>DDC (Direct Digital Controll) szab\u00e1lyoz\u00f3k programoz\u00e1sa, egyedi ig\u00e9nyeknek megfelel\u0151en<\/li>\n<li>\u00c9p\u00fcletek energia felhaszn\u00e1l\u00e1s\u00e1nak folyamatos nyomon k\u00f6vet\u00e9se H\u0150H\u00cdD adatb\u00e1zis \u00e9s ki\u00e9rt\u00e9kel\u0151 rendszer seg\u00edts\u00e9g\u00e9vel<\/li>\n<li>H\u0151cser\u00e9l\u0151 \u00e9s szivatty\u00fa kiv\u00e1laszt\u00e1s<\/li>\n<li>H\u0151technikai \u00e9s hidraulikai sz\u00e1m\u00edt\u00e1sok<\/li>\n<\/ul>\n<p style=\"text-align: center;\"><a href=\"https:\/\/www.delta-t.hu\/dtp\/et\/\"><img loading=\"lazy\" class=\" aligncenter\" title=\"TAN\u00daS\u00cdT\u00c1S OLDAL BET\u00d6LT\u00c9SE\" src=\"https:\/\/www.delta-t.hu\/dtp\/et\/keptar_dtp\/etgomb.jpg\" alt=\"\" width=\"538\" height=\"170\" \/><\/a><\/p>\n<p style=\"text-align: center;\"><a href=\"?p=106\"><img loading=\"lazy\" class=\"aligncenter\" src=\"https:\/\/www.delta-t.hu\/dtp\/et\/keptar_dtp\/hhdgomb.jpg\" alt=\"\" width=\"538\" height=\"170\" \/><\/a><\/p>\n<p style=\"text-align: center;\">\n","protected":false},"excerpt":{"rendered":"<p>\u00c9p\u00fcletenergetikai min\u0151s\u00e9gtan\u00fas\u00edt\u00e1s Okosh\u00e1z &#8211; \u00e9p\u00fcletautomatiz\u00e1l\u00e1s H\u0151termel\u0151k fel\u00fclvizsg\u00e1lata DDC (Direct Digital Controll) szab\u00e1lyoz\u00f3k programoz\u00e1sa, egyedi ig\u00e9nyeknek megfelel\u0151en \u00c9p\u00fcletek energia felhaszn\u00e1l\u00e1s\u00e1nak folyamatos nyomon k\u00f6vet\u00e9se H\u0150H\u00cdD adatb\u00e1zis \u00e9s ki\u00e9rt\u00e9kel\u0151 rendszer seg\u00edts\u00e9g\u00e9vel H\u0151cser\u00e9l\u0151 \u00e9s szivatty\u00fa kiv\u00e1laszt\u00e1s H\u0151technikai \u00e9s hidraulikai sz\u00e1m\u00edt\u00e1sok<\/p>\n","protected":false},"author":1,"featured_media":0,"parent":0,"menu_order":3,"comment_status":"closed","ping_status":"closed","template":"","meta":[],"_links":{"self":[{"href":"https:\/\/www.delta-t.hu\/dtp\/index.php?rest_route=\/wp\/v2\/pages\/12"}],"collection":[{"href":"https:\/\/www.delta-t.hu\/dtp\/index.php?rest_route=\/wp\/v2\/pages"}],"about":[{"href":"https:\/\/www.delta-t.hu\/dtp\/index.php?rest_route=\/wp\/v2\/types\/page"}],"author":[{"embeddable":true,"href":"https:\/\/www.delta-t.hu\/dtp\/index.php?rest_route=\/wp\/v2\/users\/1"}],"replies":[{"embeddable":true,"href":"https:\/\/www.delta-t.hu\/dtp\/index.php?rest_route=%2Fwp%2Fv2%2Fcomments&post=12"}],"version-history":[{"count":0,"href":"https:\/\/www.delta-t.hu\/dtp\/index.php?rest_route=\/wp\/v2\/pages\/12\/revisions"}],"wp:attachment":[{"href":"https:\/\/www.delta-t.hu\/dtp\/index.php?rest_route=%2Fwp%2Fv2%2Fmedia&parent=12"}],"curies":[{"name":"wp","href":"https:\/\/api.w.org\/{rel}","templated":true}]}}