{"id":10,"date":"2009-09-02T19:46:37","date_gmt":"2009-09-02T17:46:37","guid":{"rendered":"http:\/\/www.delta-t.hu\/dtp\/?page_id=10"},"modified":"2021-09-28T07:48:29","modified_gmt":"2021-09-28T05:48:29","slug":"ceginformaciok","status":"publish","type":"page","link":"https:\/\/www.delta-t.hu\/dtp\/?page_id=10","title":{"rendered":"Kapcsolat"},"content":{"rendered":"<p style=\"text-align: left;\">DELTA T PLUSZ KFT<\/p>\n<p style=\"text-align: left;\">c\u00edm: 2085 Pilisv\u00f6r\u00f6sv\u00e1r B\u00e1thory utca 76<\/p>\n<p style=\"text-align: left;\">tel: 06\/30 9 400 610<\/p>\n<p style=\"text-align: left;\">E-mail: <a href=\"mailto:info@delta-t.hu\">info@delta-t.hu<\/a><\/p>\n<p style=\"text-align: left;\">ad\u00f3sz\u00e1m: 10615540-2-13<\/p>\n<p style=\"text-align: left;\">M\u0171k\u00f6d\u00e9si ter\u00fclet\u00fcnk: Budapest \u00e9s Pest megye<\/p>\n<hr \/>\n","protected":false},"excerpt":{"rendered":"<p>DELTA T PLUSZ KFT c\u00edm: 2085 Pilisv\u00f6r\u00f6sv\u00e1r B\u00e1thory utca 76 tel: 06\/30 9 400 610 E-mail: info@delta-t.hu ad\u00f3sz\u00e1m: 10615540-2-13 M\u0171k\u00f6d\u00e9si ter\u00fclet\u00fcnk: Budapest \u00e9s Pest megye<\/p>\n","protected":false},"author":1,"featured_media":0,"parent":0,"menu_order":4,"comment_status":"open","ping_status":"open","template":"","meta":[],"_links":{"self":[{"href":"https:\/\/www.delta-t.hu\/dtp\/index.php?rest_route=\/wp\/v2\/pages\/10"}],"collection":[{"href":"https:\/\/www.delta-t.hu\/dtp\/index.php?rest_route=\/wp\/v2\/pages"}],"about":[{"href":"https:\/\/www.delta-t.hu\/dtp\/index.php?rest_route=\/wp\/v2\/types\/page"}],"author":[{"embeddable":true,"href":"https:\/\/www.delta-t.hu\/dtp\/index.php?rest_route=\/wp\/v2\/users\/1"}],"replies":[{"embeddable":true,"href":"https:\/\/www.delta-t.hu\/dtp\/index.php?rest_route=%2Fwp%2Fv2%2Fcomments&post=10"}],"version-history":[{"count":1,"href":"https:\/\/www.delta-t.hu\/dtp\/index.php?rest_route=\/wp\/v2\/pages\/10\/revisions"}],"predecessor-version":[{"id":415,"href":"https:\/\/www.delta-t.hu\/dtp\/index.php?rest_route=\/wp\/v2\/pages\/10\/revisions\/415"}],"wp:attachment":[{"href":"https:\/\/www.delta-t.hu\/dtp\/index.php?rest_route=%2Fwp%2Fv2%2Fmedia&parent=10"}],"curies":[{"name":"wp","href":"https:\/\/api.w.org\/{rel}","templated":true}]}}